{"id":89,"date":"2015-02-03T09:56:19","date_gmt":"2015-02-03T09:56:19","guid":{"rendered":"https:\/\/www.prima.ch\/produkte-2\/"},"modified":"2020-09-29T16:02:06","modified_gmt":"2020-09-29T14:02:06","slug":"actions-et-assortiment","status":"publish","type":"page","link":"https:\/\/www.prima.ch\/fr\/actions-et-assortiment\/","title":{"rendered":"Actions et assortiment"},"content":{"rendered":"<h1><strong>Tout pour les besoins quotidiens \u2013 facile et proche<\/strong><\/h1>\n<p><span lang=\"FR-CH\"><span style=\"font-family: Arial;\"><span style=\"color: #000000;\">Chez Prima, les clientes et clients disposent d&rsquo;une offre vari\u00e9e pour leurs achats quotidiens et profitent chaque semaine d&rsquo;actions avantageuses. L&rsquo;assortiment comprend des produits de tous les groupes de marchandises: fruits et l\u00e9gumes, pain frais, p\u00e2tisserie fine, produits laitiers, boissons, vin, viande, produits de m\u00e9nage et produits cosm\u00e9tiques, et bien plus encore. Bon nombre de magasins Prima proposent \u00e9galement de d\u00e9licieuses sp\u00e9cialit\u00e9s maison ainsi que des services suppl\u00e9mentaires comme\u00a0le bureau de poste, le nettoyage \u00e0 sec ou les corbeilles cadeaux. <\/span><\/span><span style=\"color: #000000; font-family: Arial;\">Les clients Prima trouvent dans leur magasin de village non seulement les produits de marque connue, mais ils b\u00e9n\u00e9ficient \u00e9galement des produits de marques de distributeurs de grande qualit\u00e9 et \u00e0 prix avantageux que contient l&rsquo;assortiment Volg.<\/span><\/span><\/p>\n<p><a href=\"https:\/\/www.prima.ch\/wp-content\/uploads\/2018\/07\/Volg_Familienpreisflyer_f.pdf\">T\u00e9l\u00e9charger le prospectus \u00abFamilienpreis\u00bb de Volg<\/a><br \/>\n<a href=\"https:\/\/www.prima.ch\/wp-content\/uploads\/2015\/02\/TypischSchweiz_TypischVolg_Flyer_f.pdf\" target=\"_blank\" rel=\"noopener noreferrer\">T\u00e9l\u00e9charger le prospectus \u00abTypiquement Suisse &#8211; typiquement Volg\u00bb<\/a><\/p>\n<h2><a href=\"https:\/\/www.prima.ch\/wp-content\/uploads\/2026\/04\/VO_FRPR_2026_18_0001-4.pdf\" title=\"vo_frpr_2026_18_0001-4-2\" target=\"_blank\" rel=\"noopener noreferrer\">PDF Food\/Nearfood-Aktionen \u2013valable 29.04.2026- 02.05.2026<\/a><a href=\"https:\/\/www.prima.ch\/wp-content\/uploads\/2022\/11\/VO_FRPK_2026_17_0001-2.pdf\" title=\"vo_frpk_2026_17_0001-2-2\" target=\"_blank\" rel=\"noopener noreferrer\">PDF Food\/Nearfood-Aktionen \u2013valablE 22.04.2026- 02.05.2026<\/a><\/h2><h2><a href=\"https:\/\/www.prima.ch\/wp-content\/uploads\/2022\/11\/VO_FRPK_2026_17_0001-2.pdf\" title=\"vo_frpk_2026_17_0001-2-2\" target=\"_blank\" rel=\"noopener noreferrer\">PDF Food\/Nearfood-Aktionen \u2013valable 22.04.2026- 02.05.2026<\/a><\/h2><!--        <h2>-->\r\n<!--            <a href=\"https:\/\/primach.staging.wpengine.com\/wp-content\/uploads\/2019\/07\/Angebote-fs-d-kw35.pdf\">PDF Frische-Aktionen \u2013 g\u00fcltig: 25.08 \u2013 29.08.20<\/a><br>-->\r\n<!--            <a href=\"https:\/\/primach.staging.wpengine.com\/wp-content\/uploads\/2019\/07\/Angebote-ts-d-kw34.pdf\" target=\"_blank\" rel=\"noopener noreferrer\">PDF Food\/Nearfood-Aktionen \u2013 g\u00fcltig: 18.08 \u2013 29.08.20<\/a>-->\r\n<!--        <\/h2>-->\r\n\t\t        <div class=\"flex-product-listing\">\r\n            <div class=\"flexslider\">\r\n                <ul class=\"slides\" data-match-height=\"group-name\">\r\n\t\t\t\t\t                        <li>\r\n                            <div class=\"flex-product\">\r\n                                <div class=\"flex-product-item\">\r\n                                    <div class=\"flex-product-thumb\">\r\n                                        <img decoding=\"async\" src=\"https:\/\/www.prima.ch\/wp-content\/uploads\/2022\/11\/kartoffeln-Photoroom.jpg\" alt=\"Pommes de terre Agri Natura\">\r\n                                    <\/div>\r\n                                    <div class=\"product-meta-description\">\r\n                                        <h3 class=\"product-meta-title\">Pommes de terre Agri Natura<\/h3>\r\n                                        <div class=\"product-assortments\">\r\n\t\t\t\t\t\t\t\t\t\t\t                                                    <span class=\"assortment\">\u00e0 chair ferme, Suisse, sac, 2 kg (100 g = \u2013.12)<\/span>\r\n\t\t\t\t\t\t\t\t\t\t\t\t\t                                        <\/div>\r\n                                    <\/div>\r\n                                    <div class=\"product-price\">\r\n                                        <span class=\"sale-price\">2.30<\/span>\r\n                                        <span class=\"regular-price\"><\/span>\r\n                                    <\/div>\r\n                                    <div class=\"expiration-date\">\r\n                                        <span class=\"exp-heading\">valable:<\/span>\r\n                                        <span class=\"exp-day\">29.04<\/span>\r\n                                    <\/div>\r\n                                <\/div>\r\n                            <\/div>\r\n                        <\/li>\r\n\t\t\t\t\t\t                        <li>\r\n                            <div class=\"flex-product\">\r\n                                <div class=\"flex-product-item\">\r\n                                    <div class=\"flex-product-thumb\">\r\n                                        <img decoding=\"async\" src=\"https:\/\/www.prima.ch\/wp-content\/uploads\/2022\/11\/prima-caprice-des-dieux.jpg\" alt=\"Caprice des Dieux\">\r\n                                    <\/div>\r\n                                    <div class=\"product-meta-description\">\r\n                                        <h3 class=\"product-meta-title\">Caprice des Dieux<\/h3>\r\n                                        <div class=\"product-assortments\">\r\n\t\t\t\t\t\t\t\t\t\t\t                                                    <span class=\"assortment\">200 g (100 g = 1.98)<\/span>\r\n\t\t\t\t\t\t\t\t\t\t\t\t\t                                        <\/div>\r\n                                    <\/div>\r\n                                    <div class=\"product-price\">\r\n                                        <span class=\"sale-price\">3.95<\/span>\r\n                                        <span class=\"regular-price\"><\/span>\r\n                                    <\/div>\r\n                                    <div class=\"expiration-date\">\r\n                                        <span class=\"exp-heading\">valable:<\/span>\r\n                                        <span class=\"exp-day\">29.04<\/span>\r\n                                    <\/div>\r\n                                <\/div>\r\n                            <\/div>\r\n                        <\/li>\r\n\t\t\t\t\t\t                        <li>\r\n                            <div class=\"flex-product\">\r\n                                <div class=\"flex-product-item\">\r\n                                    <div class=\"flex-product-thumb\">\r\n                                        <img decoding=\"async\" src=\"https:\/\/www.prima.ch\/wp-content\/uploads\/2021\/04\/agri-natura-schweinssteak.png\" alt=\"Steak de porc Agri Natura\">\r\n                                    <\/div>\r\n                                    <div class=\"product-meta-description\">\r\n                                        <h3 class=\"product-meta-title\">Steak de porc Agri Natura<\/h3>\r\n                                        <div class=\"product-assortments\">\r\n\t\t\t\t\t\t\t\t\t\t\t                                                    <span class=\"assortment\">marin\u00e9, les 100 g (100 g = 2.95)<\/span>\r\n\t\t\t\t\t\t\t\t\t\t\t\t\t                                        <\/div>\r\n                                    <\/div>\r\n                                    <div class=\"product-price\">\r\n                                        <span class=\"sale-price\">2.95<\/span>\r\n                                        <span class=\"regular-price\"><\/span>\r\n                                    <\/div>\r\n                                    <div class=\"expiration-date\">\r\n                                        <span class=\"exp-heading\">valable:<\/span>\r\n                                        <span class=\"exp-day\">29.04<\/span>\r\n                                    <\/div>\r\n                                <\/div>\r\n                            <\/div>\r\n                        <\/li>\r\n\t\t\t\t\t\t                        <li>\r\n                            <div class=\"flex-product\">\r\n                                <div class=\"flex-product-item\">\r\n                                    <div class=\"flex-product-thumb\">\r\n                                        <img decoding=\"async\" src=\"https:\/\/www.prima.ch\/wp-content\/uploads\/2020\/09\/thomy-mayonnaise.jpg\" alt=\"Mayonnaise Thomy\">\r\n                                    <\/div>\r\n                                    <div class=\"product-meta-description\">\r\n                                        <h3 class=\"product-meta-title\">Mayonnaise Thomy<\/h3>\r\n                                        <div class=\"product-assortments\">\r\n\t\t\t\t\t\t\t\t\t\t\t                                                    <span class=\"assortment\">div. sortes, p.ex. \u00e0 la fran\u00e7aise, 265 g (100 g = 1.\u2013)<\/span>\r\n\t\t\t\t\t\t\t\t\t\t\t\t\t                                        <\/div>\r\n                                    <\/div>\r\n                                    <div class=\"product-price\">\r\n                                        <span class=\"sale-price\">2.65<\/span>\r\n                                        <span class=\"regular-price\"><\/span>\r\n                                    <\/div>\r\n                                    <div class=\"expiration-date\">\r\n                                        <span class=\"exp-heading\">valable:<\/span>\r\n                                        <span class=\"exp-day\">22.04<\/span>\r\n                                    <\/div>\r\n                                <\/div>\r\n                            <\/div>\r\n                        <\/li>\r\n\t\t\t\t\t\t                        <li>\r\n                            <div class=\"flex-product\">\r\n                                <div class=\"flex-product-item\">\r\n                                    <div class=\"flex-product-thumb\">\r\n                                        <img decoding=\"async\" src=\"https:\/\/www.prima.ch\/wp-content\/uploads\/2019\/10\/durgol.jpg\" alt=\"Durgol\">\r\n                                    <\/div>\r\n                                    <div class=\"product-meta-description\">\r\n                                        <h3 class=\"product-meta-title\">Durgol<\/h3>\r\n                                        <div class=\"product-assortments\">\r\n\t\t\t\t\t\t\t\t\t\t\t                                                    <span class=\"assortment\">div. sortes, p.ex. d\u00e9tartrant express, 1 l (100 ml = \u2013.59)<\/span>\r\n\t\t\t\t\t\t\t\t\t\t\t\t\t                                        <\/div>\r\n                                    <\/div>\r\n                                    <div class=\"product-price\">\r\n                                        <span class=\"sale-price\">5.90<\/span>\r\n                                        <span class=\"regular-price\"><\/span>\r\n                                    <\/div>\r\n                                    <div class=\"expiration-date\">\r\n                                        <span class=\"exp-heading\">valable:<\/span>\r\n                                        <span class=\"exp-day\">22.04<\/span>\r\n                                    <\/div>\r\n                                <\/div>\r\n                            <\/div>\r\n                        <\/li>\r\n\t\t\t\t\t\t                        <li>\r\n                            <div class=\"flex-product\">\r\n                                <div class=\"flex-product-item\">\r\n                                    <div class=\"flex-product-thumb\">\r\n                                        <img decoding=\"async\" src=\"https:\/\/www.prima.ch\/wp-content\/uploads\/2019\/07\/prima-birramoretti.gif\" alt=\"Birra Moretti\">\r\n                                    <\/div>\r\n                                    <div class=\"product-meta-description\">\r\n                                        <h3 class=\"product-meta-title\">Birra Moretti<\/h3>\r\n                                        <div class=\"product-assortments\">\r\n\t\t\t\t\t\t\t\t\t\t\t                                                    <span class=\"assortment\">bo\u00eete, 6 x 50 cl (100 ml = \u2013.40)<\/span>\r\n\t\t\t\t\t\t\t\t\t\t\t\t\t                                        <\/div>\r\n                                    <\/div>\r\n                                    <div class=\"product-price\">\r\n                                        <span class=\"sale-price\">11.95<\/span>\r\n                                        <span class=\"regular-price\"><\/span>\r\n                                    <\/div>\r\n                                    <div class=\"expiration-date\">\r\n                                        <span class=\"exp-heading\">valable:<\/span>\r\n                                        <span class=\"exp-day\">22.04<\/span>\r\n                                    <\/div>\r\n                                <\/div>\r\n                            <\/div>\r\n                        <\/li>\r\n\t\t\t\t\t\t                <\/ul>\r\n            <\/div>\r\n        <\/div>\r\n\t\t\n","protected":false},"excerpt":{"rendered":"<p>Tout pour les besoins quotidiens \u2013 facile et proche Chez Prima, les clientes et clients disposent d&rsquo;une offre vari\u00e9e pour leurs achats quotidiens et profitent chaque semaine d&rsquo;actions avantageuses. L&rsquo;assortiment comprend des produits de tous les groupes de marchandises: fruits et l\u00e9gumes, pain frais, p\u00e2tisserie fine, produits laitiers, boissons, vin, viande, produits de m\u00e9nage et [&hellip;]<\/p>\n","protected":false},"author":2,"featured_media":196,"parent":0,"menu_order":0,"comment_status":"closed","ping_status":"closed","template":"","meta":{"_acf_changed":false,"_genesis_hide_title":false,"_genesis_hide_breadcrumbs":false,"_genesis_hide_singular_image":false,"_genesis_hide_footer_widgets":false,"_genesis_custom_body_class":"","_genesis_custom_post_class":"","_genesis_layout":"","footnotes":""},"class_list":{"0":"post-89","1":"page","2":"type-page","3":"status-publish","4":"has-post-thumbnail","6":"entry"},"acf":[],"_links":{"self":[{"href":"https:\/\/www.prima.ch\/fr\/wp-json\/wp\/v2\/pages\/89","targetHints":{"allow":["GET"]}}],"collection":[{"href":"https:\/\/www.prima.ch\/fr\/wp-json\/wp\/v2\/pages"}],"about":[{"href":"https:\/\/www.prima.ch\/fr\/wp-json\/wp\/v2\/types\/page"}],"author":[{"embeddable":true,"href":"https:\/\/www.prima.ch\/fr\/wp-json\/wp\/v2\/users\/2"}],"replies":[{"embeddable":true,"href":"https:\/\/www.prima.ch\/fr\/wp-json\/wp\/v2\/comments?post=89"}],"version-history":[{"count":0,"href":"https:\/\/www.prima.ch\/fr\/wp-json\/wp\/v2\/pages\/89\/revisions"}],"wp:featuredmedia":[{"embeddable":true,"href":"https:\/\/www.prima.ch\/fr\/wp-json\/wp\/v2\/media\/196"}],"wp:attachment":[{"href":"https:\/\/www.prima.ch\/fr\/wp-json\/wp\/v2\/media?parent=89"}],"curies":[{"name":"wp","href":"https:\/\/api.w.org\/{rel}","templated":true}]}}

<h1><strong>Tout pour les besoins quotidiens – facile et proche</strong></h1>
<p><span lang="FR-CH"><span style="font-family: Arial;"><span style="color: #000000;">Chez Prima, les clientes et clients disposent d&rsquo;une offre variée pour leurs achats quotidiens et profitent chaque semaine d&rsquo;actions avantageuses. L&rsquo;assortiment comprend des produits de tous les groupes de marchandises: fruits et légumes, pain frais, pâtisserie fine, produits laitiers, boissons, vin, viande, produits de ménage et produits cosmétiques, et bien plus encore. Bon nombre de magasins Prima proposent également de délicieuses spécialités maison ainsi que des services supplémentaires comme le bureau de poste, le nettoyage à sec ou les corbeilles cadeaux. </span></span><span style="color: #000000; font-family: Arial;">Les clients Prima trouvent dans leur magasin de village non seulement les produits de marque connue, mais ils bénéficient également des produits de marques de distributeurs de grande qualité et à prix avantageux que contient l&rsquo;assortiment Volg.</span></span></p>
<p><a href="https://www.prima.ch/wp-content/uploads/2018/07/Volg_Familienpreisflyer_f.pdf">Télécharger le prospectus «Familienpreis» de Volg</a><br />
<a href="https://www.prima.ch/wp-content/uploads/2015/02/TypischSchweiz_TypischVolg_Flyer_f.pdf" target="_blank" rel="noopener noreferrer">Télécharger le prospectus «Typiquement Suisse &#8211; typiquement Volg»</a></p>
<h2><a href="https://www.prima.ch/wp-content/uploads/2026/04/VO_FRPR_2026_18_0001-4.pdf" title="vo_frpr_2026_18_0001-4-2" target="_blank" rel="noopener noreferrer">PDF Food/Nearfood-Aktionen –valable 29.04.2026- 02.05.2026</a><a href="https://www.prima.ch/wp-content/uploads/2022/11/VO_FRPK_2026_17_0001-2.pdf" title="vo_frpk_2026_17_0001-2-2" target="_blank" rel="noopener noreferrer">PDF Food/Nearfood-Aktionen –valablE 22.04.2026- 02.05.2026</a></h2><h2><a href="https://www.prima.ch/wp-content/uploads/2022/11/VO_FRPK_2026_17_0001-2.pdf" title="vo_frpk_2026_17_0001-2-2" target="_blank" rel="noopener noreferrer">PDF Food/Nearfood-Aktionen –valable 22.04.2026- 02.05.2026</a></h2><!--        <h2>-->
<!--            <a href="https://primach.staging.wpengine.com/wp-content/uploads/2019/07/Angebote-fs-d-kw35.pdf">PDF Frische-Aktionen – gültig: 25.08 – 29.08.20</a><br>-->
<!--            <a href="https://primach.staging.wpengine.com/wp-content/uploads/2019/07/Angebote-ts-d-kw34.pdf" target="_blank" rel="noopener noreferrer">PDF Food/Nearfood-Aktionen – gültig: 18.08 – 29.08.20</a>-->
<!--        </h2>-->
		        <div class="flex-product-listing">
            <div class="flexslider">
                <ul class="slides" data-match-height="group-name">
					                        <li>
                            <div class="flex-product">
                                <div class="flex-product-item">
                                    <div class="flex-product-thumb">
                                        <img decoding="async" src="https://www.prima.ch/wp-content/uploads/2022/11/kartoffeln-Photoroom.jpg" alt="Pommes de terre Agri Natura">
                                    </div>
                                    <div class="product-meta-description">
                                        <h3 class="product-meta-title">Pommes de terre Agri Natura</h3>
                                        <div class="product-assortments">
											                                                    <span class="assortment">à chair ferme, Suisse, sac, 2 kg (100 g = –.12)</span>
													                                        </div>
                                    </div>
                                    <div class="product-price">
                                        <span class="sale-price">2.30</span>
                                        <span class="regular-price"></span>
                                    </div>
                                    <div class="expiration-date">
                                        <span class="exp-heading">valable:</span>
                                        <span class="exp-day">29.04</span>
                                    </div>
                                </div>
                            </div>
                        </li>
						                        <li>
                            <div class="flex-product">
                                <div class="flex-product-item">
                                    <div class="flex-product-thumb">
                                        <img decoding="async" src="https://www.prima.ch/wp-content/uploads/2022/11/prima-caprice-des-dieux.jpg" alt="Caprice des Dieux">
                                    </div>
                                    <div class="product-meta-description">
                                        <h3 class="product-meta-title">Caprice des Dieux</h3>
                                        <div class="product-assortments">
											                                                    <span class="assortment">200 g (100 g = 1.98)</span>
													                                        </div>
                                    </div>
                                    <div class="product-price">
                                        <span class="sale-price">3.95</span>
                                        <span class="regular-price"></span>
                                    </div>
                                    <div class="expiration-date">
                                        <span class="exp-heading">valable:</span>
                                        <span class="exp-day">29.04</span>
                                    </div>
                                </div>
                            </div>
                        </li>
						                        <li>
                            <div class="flex-product">
                                <div class="flex-product-item">
                                    <div class="flex-product-thumb">
                                        <img decoding="async" src="https://www.prima.ch/wp-content/uploads/2021/04/agri-natura-schweinssteak.png" alt="Steak de porc Agri Natura">
                                    </div>
                                    <div class="product-meta-description">
                                        <h3 class="product-meta-title">Steak de porc Agri Natura</h3>
                                        <div class="product-assortments">
											                                                    <span class="assortment">mariné, les 100 g (100 g = 2.95)</span>
													                                        </div>
                                    </div>
                                    <div class="product-price">
                                        <span class="sale-price">2.95</span>
                                        <span class="regular-price"></span>
                                    </div>
                                    <div class="expiration-date">
                                        <span class="exp-heading">valable:</span>
                                        <span class="exp-day">29.04</span>
                                    </div>
                                </div>
                            </div>
                        </li>
						                        <li>
                            <div class="flex-product">
                                <div class="flex-product-item">
                                    <div class="flex-product-thumb">
                                        <img decoding="async" src="https://www.prima.ch/wp-content/uploads/2020/09/thomy-mayonnaise.jpg" alt="Mayonnaise Thomy">
                                    </div>
                                    <div class="product-meta-description">
                                        <h3 class="product-meta-title">Mayonnaise Thomy</h3>
                                        <div class="product-assortments">
											                                                    <span class="assortment">div. sortes, p.ex. à la française, 265 g (100 g = 1.–)</span>
													                                        </div>
                                    </div>
                                    <div class="product-price">
                                        <span class="sale-price">2.65</span>
                                        <span class="regular-price"></span>
                                    </div>
                                    <div class="expiration-date">
                                        <span class="exp-heading">valable:</span>
                                        <span class="exp-day">22.04</span>
                                    </div>
                                </div>
                            </div>
                        </li>
						                        <li>
                            <div class="flex-product">
                                <div class="flex-product-item">
                                    <div class="flex-product-thumb">
                                        <img decoding="async" src="https://www.prima.ch/wp-content/uploads/2019/10/durgol.jpg" alt="Durgol">
                                    </div>
                                    <div class="product-meta-description">
                                        <h3 class="product-meta-title">Durgol</h3>
                                        <div class="product-assortments">
											                                                    <span class="assortment">div. sortes, p.ex. détartrant express, 1 l (100 ml = –.59)</span>
													                                        </div>
                                    </div>
                                    <div class="product-price">
                                        <span class="sale-price">5.90</span>
                                        <span class="regular-price"></span>
                                    </div>
                                    <div class="expiration-date">
                                        <span class="exp-heading">valable:</span>
                                        <span class="exp-day">22.04</span>
                                    </div>
                                </div>
                            </div>
                        </li>
						                        <li>
                            <div class="flex-product">
                                <div class="flex-product-item">
                                    <div class="flex-product-thumb">
                                        <img decoding="async" src="https://www.prima.ch/wp-content/uploads/2019/07/prima-birramoretti.gif" alt="Birra Moretti">
                                    </div>
                                    <div class="product-meta-description">
                                        <h3 class="product-meta-title">Birra Moretti</h3>
                                        <div class="product-assortments">
											                                                    <span class="assortment">boîte, 6 x 50 cl (100 ml = –.40)</span>
													                                        </div>
                                    </div>
                                    <div class="product-price">
                                        <span class="sale-price">11.95</span>
                                        <span class="regular-price"></span>
                                    </div>
                                    <div class="expiration-date">
                                        <span class="exp-heading">valable:</span>
                                        <span class="exp-day">22.04</span>
                                    </div>
                                </div>
                            </div>
                        </li>
						                </ul>
            </div>
        </div>

<p>Tout pour les besoins quotidiens – facile et proche Chez Prima, les clientes et clients disposent d&rsquo;une offre variée pour leurs achats quotidiens et profitent chaque semaine d&rsquo;actions avantageuses. L&rsquo;assortiment comprend des produits de tous les groupes de marchandises: fruits et légumes, pain frais, pâtisserie fine, produits laitiers, boissons, vin, viande, produits de ménage et [&hellip;]</p>
