{"id":630,"date":"2015-03-02T17:02:13","date_gmt":"2015-03-02T16:02:13","guid":{"rendered":"https:\/\/www.prima.ch\/medienkontakt-2\/"},"modified":"2024-09-18T07:57:31","modified_gmt":"2024-09-18T05:57:31","slug":"contact-presse","status":"publish","type":"page","link":"https:\/\/www.prima.ch\/fr\/contact-presse\/","title":{"rendered":"Contact presse"},"content":{"rendered":"<h1><strong>Contact pour les demandes presse<\/strong><\/h1>\n<p>Tamara Scheibli<br \/>\nResponsable Communication\/PR<br \/>\nVolg Konsumwaren AG<br \/>\nCase postale 344<br \/>\n8401 Winterthour<br \/>\n<a href=\"mailto:tamara.scheibli@volg.ch\">tamara.scheibli@volg.ch<\/a><\/p>\n<p>Veuillez noter que ce contact est r\u00e9serv\u00e9 aux journalistes. Merci d&rsquo;adresser toute autre demande \u00e0 <a title=\"mailto:kontakt@prima.ch\" href=\"mailto:kontakt@prima.ch\">kontakt@prima.ch<\/a>.<\/p>\n<p><strong>Download Prima Logo:<\/strong><\/p>\n<ul>\n<li><a href=\"https:\/\/www.prima.ch\/wp-content\/uploads\/2015\/03\/Prima_Logo_jpg.zip\">Prima Logo .jpg (94 KB)<\/a><\/li>\n<li><a href=\"https:\/\/www.prima.ch\/wp-content\/uploads\/2015\/03\/Prima_Logo_eps.zip\">Prima Logo .eps (209 KB)<\/a><\/li>\n<\/ul>\n<p>&nbsp;<\/p>\n<p>&nbsp;<\/p>\n<p>&nbsp;<\/p>\n<p>&nbsp;<\/p>\n<p>&nbsp;<\/p>\n<p>&nbsp;<\/p>\n<p>&nbsp;<\/p>\n","protected":false},"excerpt":{"rendered":"<p>Contact pour les demandes presse Tamara Scheibli Responsable Communication\/PR Volg Konsumwaren AG Case postale 344 8401 Winterthour tamara.scheibli@volg.ch Veuillez noter que ce contact est r\u00e9serv\u00e9 aux journalistes. Merci d&rsquo;adresser toute autre demande \u00e0 kontakt@prima.ch. Download Prima Logo: Prima Logo .jpg (94 KB) Prima Logo .eps (209 KB) &nbsp; &nbsp; &nbsp; &nbsp; &nbsp; &nbsp; &nbsp;<\/p>\n","protected":false},"author":2,"featured_media":0,"parent":0,"menu_order":0,"comment_status":"closed","ping_status":"closed","template":"","meta":{"_acf_changed":false,"_genesis_hide_title":false,"_genesis_hide_breadcrumbs":false,"_genesis_hide_singular_image":false,"_genesis_hide_footer_widgets":false,"_genesis_custom_body_class":"","_genesis_custom_post_class":"","_genesis_layout":"","footnotes":""},"class_list":{"0":"post-630","1":"page","2":"type-page","3":"status-publish","5":"entry"},"acf":[],"_links":{"self":[{"href":"https:\/\/www.prima.ch\/fr\/wp-json\/wp\/v2\/pages\/630","targetHints":{"allow":["GET"]}}],"collection":[{"href":"https:\/\/www.prima.ch\/fr\/wp-json\/wp\/v2\/pages"}],"about":[{"href":"https:\/\/www.prima.ch\/fr\/wp-json\/wp\/v2\/types\/page"}],"author":[{"embeddable":true,"href":"https:\/\/www.prima.ch\/fr\/wp-json\/wp\/v2\/users\/2"}],"replies":[{"embeddable":true,"href":"https:\/\/www.prima.ch\/fr\/wp-json\/wp\/v2\/comments?post=630"}],"version-history":[{"count":0,"href":"https:\/\/www.prima.ch\/fr\/wp-json\/wp\/v2\/pages\/630\/revisions"}],"wp:attachment":[{"href":"https:\/\/www.prima.ch\/fr\/wp-json\/wp\/v2\/media?parent=630"}],"curies":[{"name":"wp","href":"https:\/\/api.w.org\/{rel}","templated":true}]}}

<h1><strong>Contact pour les demandes presse</strong></h1>
<p>Tamara Scheibli<br />
Responsable Communication/PR<br />
Volg Konsumwaren AG<br />
Case postale 344<br />
8401 Winterthour<br />
<a href="mailto:tamara.scheibli@volg.ch">tamara.scheibli@volg.ch</a></p>
<p>Veuillez noter que ce contact est réservé aux journalistes. Merci d&rsquo;adresser toute autre demande à <a title="mailto:kontakt@prima.ch" href="mailto:kontakt@prima.ch">kontakt@prima.ch</a>.</p>
<p><strong>Download Prima Logo:</strong></p>
<ul>
<li><a href="https://www.prima.ch/wp-content/uploads/2015/03/Prima_Logo_jpg.zip">Prima Logo .jpg (94 KB)</a></li>
<li><a href="https://www.prima.ch/wp-content/uploads/2015/03/Prima_Logo_eps.zip">Prima Logo .eps (209 KB)</a></li>
</ul>
<p>&nbsp;</p>
<p>&nbsp;</p>
<p>&nbsp;</p>
<p>&nbsp;</p>
<p>&nbsp;</p>
<p>&nbsp;</p>
<p>&nbsp;</p>

<p>Contact pour les demandes presse Tamara Scheibli Responsable Communication/PR Volg Konsumwaren AG Case postale 344 8401 Winterthour tamara.scheibli@volg.ch Veuillez noter que ce contact est réservé aux journalistes. Merci d&rsquo;adresser toute autre demande à kontakt@prima.ch. Download Prima Logo: Prima Logo .jpg (94 KB) Prima Logo .eps (209 KB) &nbsp; &nbsp; &nbsp; &nbsp; &nbsp; &nbsp; &nbsp;</p>
